number?
False
Is 3402625295 composite?
True
Is 4225371739 a prime number?
True
Is 1456912033 prime?
True
Is 3744100357 composite?
True
Is 2413327043 a composite number?
True
Is 496141759 prime?
False
Is 1871554081 prime?
False
Is 2574821815 a prime number?
False
Is 1895944783 composite?
False
Is 57592155419 prime?
True
Is 262280857 prime?
False
Is 481039913 composite?
False
Is 148007059 prime?
True
Is 13279099499 composite?
False
Is 670405451 a prime number?
True
Is 46602431027 a prime number?
True
Is 5815032074 a prime number?
False
Is 3479337541 prime?
True
Is 1958227031 prime?
True
Is 2544726661 a prime number?
False
Is 26488163479 a composite number?
False
Is 9937532317 prime?
False
Is 14396695853 prime?
True
Is 1162887673 a prime number?
False
Is 80466384919 prime?
True
Is 1896327571 a prime number?
True
Is 430274918 a prime number?
False
Is 17692422359 composite?
True
Is 878779747 composite?
True
Is 4491332887 a prime number?
True
Is 737182427 a composite number?
False
Is 1126209131 prime?
True
Is 1475758447 prime?
False
Is 14998720843 a prime number?
True
Is 1529401247 composite?
True
Is 31386259167 a prime number?
False
Is 8744000971 a prime number?
False
Is 194493333 a composite number?
True
Is 65091883543 prime?
False
Is 268333385 a prime number?
False
Is 19683625921 composite?
False
Is 7342355387 prime?
True
Is 14862253403 a composite number?
False
Is 41555891479 a composite number?
True
Is 764002826 prime?
False
Is 5672742547 prime?
True
Is 3978361837 prime?
True
Is 5718908677 prime?
True
Is 713397169 a prime number?
True
Is 9414562121 a prime number?
True
Is 2443804673 a prime number?
False
Is 844504487 a composite number?
False
Is 17108561179 prime?
False
Is 9152662553 a composite number?
False
Is 4915101767 prime?
True
Is 37840826917 prime?
False
Is 53799340121 a prime number?
True
Is 942255389 prime?
False
Is 1153303589 a composite number?
False
Is 91465178531 composite?
True
Is 3658435489 prime?
True
Is 1007613619 prime?
False
Is 1743798569 a composite number?
False
Is 5826161371 prime?
False
Is 688450267 a composite number?
False
Is 5149412921 prime?
True
Is 15164619817 prime?
True
Is 57156493 prime?
True
Is 571445383 prime?
True
Is 70872163 composite?
True
Is 303724009103 a composite number?
False
Is 5109821 composite?
False
Is 411222043 a composite number?
False
Is 3429049997 prime?
True
Is 6187693651 a prime number?
False
Is 4078703203 a prime number?
False
Is 53767699 a prime number?
True
Is 5957267795 composite?
True
Is 2801091607 a prime number?
True
Is 924463973 a composite number?
True
Is 8029439377 prime?
True
Is 325376179 a prime number?
False
Is 256457182 a prime number?
False
Is 2756522183 prime?
True
Is 8375150561 composite?
False
Is 8311822781 a composite number?
True
Is 8776644797 prime?
True
Is 1466958397 prime?
False
Is 1160202887 a composite number?
True
Is 38665148453 prime?
False
Is 291582287 composite?
False
Is 2090442259 a composite number?
False
Is 956754733 a composite number?
True
Is 25959679297 a prime number?
False
Is 1392878009 composite?
False
Is 511940423 a composite number?
False
Is 22461032849 a composite number?
False
Is 9360292957 prime?
False
Is 269125847 composite?
True
Is 2278613159 prime?
True
Is 470802943 a composite number?
True
Is 94810103 a composite number?
False
Is 491054997 a prime number?
False
Is 131191583 prime?
False
Is 41917113323 a composite number?
False
Is 23842241191 prime?
False
Is 42980314507 composite?
True
Is 89910824569 composite?
True
Is 877418779 a prime number?
True
Is 30351989 prime?
False
Is 1405049917 composite?
True
Is 9260557711 a composite number?
True
Is 13455195409 composite?
False
Is 30790741211 a composite number?
True
Is 45511277989 prime?
False
Is 7946480951 prime?
True
Is 41036843 prime?
False
Is 5963118443 prime?
True
Is 2164991261 composite?
False
Is 34943821849 a composite number?
False
Is 524524097 prime?
False
Is 2903226679 prime?
False
Is 23389826867 composite?
True
Is 6975410581 a composite number?
True
Is 1597903807 composite?
False
Is 28538852183 composite?
True
Is 102407784665 a composite number?
True
Is 518441167 composite?
True
Is 1659885361 a composite number?
False
Is 1215710201 a prime number?
True
Is 1476536311 prime?
True
Is 3676053679 composite?
True
Is 1764219703 a composite number?
True
Is 1006813573 composite?
True
Is 5797884503 composite?
True
Is 9655486493 a composite number?
False
Is 995811643 a composite number?
False
Is 15348245179 a prime number?
True
Is 2088243623 prime?
False
Is 1060141591 prime?
True
Is 1632433757 a composite number?
True
Is 18395112419 a prime number?
False
Is 3099376157 a composite number?
True
Is 4936602289 prime?
True
Is 6898665803 prime?
True
Is 3876096109 a prime number?
True
Is 174843599 a prime number?
False
Is 2007074983 prime?
False
Is 149397586717 a composite number?
False
Is 3865321469 a composite number?
False
Is 77116288043 a prime number?
False
Is 6630256531 a composite number?
False
Is 356727697 a composite number?
True
Is 44302723 composite?
True
Is 4211771919 composite?
True
Is 1204064171 composite?
False
Is 2051337517 prime?
False
Is 43601151647 prime?
False
Is 313325191 a composite number?
False
Is 7762494073 a prime number?
True
Is 22735644553 composite?
True
Is 107890147 composite?
True
Is 27077015087 composite?
False
Is 2453317859 a prime number?
True
Is 159146372267 a prime number?
False
Is 2578846729 a composite number?
False
Is 392867499 composite?
True
Is 32018733239 prime?
False
Is 115444699 composite?
True
Is 168515933 a composite number?
False
Is 2326033207 a composite number?
True
Is 30994741 composite?
False
Is 4449874061 prime?
True
Is 1101218281 composite?
False
Is 8512794791 composite?
True
Is 56688824041 prime?
False
Is 214936373 a prime number?
True
Is 61811977 prime?
True
Is 2762568521 a prime number?
False
Is 199219873 prime?
False
Is 1746571441 prime?
True
Is 850815683 a prime number?
True
Is 56652640769 a composite number?
False
Is 58134803 prime?
True
Is 6678710777 a composite number?
False
Is 26520570499 composite?
True
Is 4118374373 prime?
True
Is 2869797361 a prime number?
False
Is 8225027 a composite number?
True
Is 6496017257 a prime number?
True
Is 35061173687 a prime number?
False
Is 43074720449 a prime number?
True
Is 28467578549 a composite number?
True
Is 3285565733 a prime number?
True
Is 738969487 prime?
True
Is 27736246591 a composite number?
True
Is 2250110693 prime?
True
Is 407984939 prime?
True
Is 13263117517 a prime number?
False
Is 632383567 a prime number?
True
Is 2712347419 composite?
True
Is 60682275737 composite?
False
Is 36636506969 composite?
False
Is 3527835671 a composite number?
False
Is 1206363989 a composite number?
True
Is 192125357615 a composite number?
True
Is 16057281271 prime?
True
Is 12167781211 composite?
False
Is 1331956117 a prime number?
False
Is 423592129 a prime number?
False
Is 5387743553 prime?
False
Is 11097953749 composite?
True
Is 346759409 a prime number?
False
Is 2236104667 prime?
True
Is 9469054633 composite?
False
Is 17791074971 a composite number?
False
Is 18612151421 composite?
True
Is 11266940863 a prime number?
True
Is 118848260693 composite?
True
Is 70168543 prime?
True
Is 258620123 a composite number?
False
Is 43739228647 prime?
False
Is 520858901 prime?
True
Is 153568885573 a prime number?
False
Is 16792239679 a composite number?
True
Is 20810514247 a prime number?
False
Is 6915575671 a composite number?
False
Is 1364120587 composite?
False
Is 266533457 a prime number?
False
Is 23977866098 a prime number?
False
Is 187517527 a composite number?
False
Is 751955983 prime?
True
Is 39631618283 composite?
True
Is 928266323 prime?
False
Is 150312260671 composite?
False
Is 4307543501 a prime number?
True
Is 3447916921 a composite number?
False
Is 1156914329 composite?
True
Is 10540760497 prime?
True
Is 44496391223 a prime number?
False
Is 1138403029 prime?
True
Is 98818094387 composite?
False
Is 95161210149 prime?
False
Is 16785517937 prime?
True
Is 101346775427 a prime number?
True
Is 3017962729 a prime number?
False
Is 2076514631 a composite number?
True
Is 214024947 a composite number?
True
Is 9275543423 a composite number?
True
Is 693107209 prime?
True
Is 588076253 prime?
True
Is 29021762885 composite?
True